0 = -3*v + 12. Suppose 0 = 10*f - 1028 + k. List the prime factors of f.
2, 37
Let v = 15688 + -6356. List the prime factors of v.
2, 2333
Let p be (-8)/6*1113/(-14). Let c be (-13344)/(-66) + 6/(-33). Let m = c - p. What are the prime factors of m?
2, 3
Suppose 133790 = 5*b - 2*j, 80274 = 220*b - 217*b + 3*j. What are the prime factors of b?
2, 17, 787
Suppose 5411 = 5*z - 3424. Let s = z - 1017. What are the prime factors of s?
2, 3, 5
Let w(m) = -25*m**2 + 11*m - 7. Let x(q) = -12*q**2 + 5*q - 3. Let f(g) = 3*w(g) - 7*x(g). Let n = -1544 + 1543. List the prime factors of f(n).
11
Let f be (-232)/(-28) - (-20)/(-70). What are the prime factors of (4 - -1711) + f/4?
17, 101
Suppose -75*p - 181433 = -79*p + 5*q, 4*q + 90712 = 2*p. List the prime factors of p.
2, 37, 613
Suppose 0 = -57*y + 85749 - 13929. What are the prime factors of y?
2, 3, 5, 7
Suppose -9*m - m = 0. Let r = -26 + 22. List the prime factors of 3082/92 - (m + 2/r).
2, 17
Let m be (-102)/(-4) + 14/28. Let x = 30 - m. Suppose -366 = x*p - 5*f - 1263, -2*p - 3*f = -421. What are the prime factors of p?
2, 109
Let u be ((-622)/4)/(7/(-14)). Suppose -5*z = o - u, 4*o + z - 1225 = -0*z. Suppose 0 = 5*f - 3*t - 2*t - 765, o = 2*f - t. List the prime factors of f.
3, 17
Let q(h) = 2*h**2 + 9*h - 8. Let x be q(-8). Suppose -3*g + x = -3*n, 2*g - 5*g - 5*n + 72 = 0. Let y = g - -3. List the prime factors of y.
2, 11
Let v(n) = -10*n**3 - 10*n**2 - 65*n - 847. What are the prime factors of v(-11)?
2, 11, 17
Let v(j) = j**3 - 89*j**2 + 171*j + 336. What are the prime factors of v(90)?
2, 3, 11, 19
Let y(x) = 0*x - 4 + 4*x + 6*x - 28 + 0*x. Let a(i) = -4*i - 2. Let r be a(-3). What are the prime factors of y(r)?
2, 17
Let c = 39291 + -25335. List the prime factors of c.
2, 3, 1163
Let r(t) = t**2 - 2*t - 2. Let i be 14/21*(-3)/2. Let l be r(i). What are the prime factors of (-903)/21*l/(-1)?
43
Let q = -17 - -15. Let v be -3 + (q - -2) + 3 + 2. Suppose 8*f = v*f + 558. What are the prime factors of f?
3, 31
Let l = 279 - 1166. Let s = l + 1529. What are the prime factors of s?
2, 3, 107
Suppose 0 = -24*s + 30*s - 2436. Suppose 310 = 3*n - 2*d, -12*d + 13*d - s = -4*n. What are the prime factors of n?
2, 3, 17
Let g = 11027 + 1093. List the prime factors of g.
2, 3, 5, 101
Suppose -4*s - 709 = -6*s + 3*d, -5*s + 4*d + 1755 = 0. Let v = -67 + s. List the prime factors of v.
2, 5, 7
Suppose 163*y = 2*p + 164*y - 24191, -3*p - 3*y = -36294. What are the prime factors of p?
3, 29, 139
Suppose 2*x - 1364 = 3312. Suppose -24*u = -17*u - x. What are the prime factors of u?
2, 167
Let h = -1 + 5. Let s = 2944 - 2942. Suppose -4*i + 69 = -h*o - 79, -s*o + 37 = i. What are the prime factors of i?
37
Let p = -4489 + 20743. What are the prime factors of p?
2, 3, 7, 43
Let q(i) = -7*i**2 - 74*i + 18. Let u(f) = -5*f**2 - 73*f + 17. Let n(b) = -5*q(b) + 6*u(b). List the prime factors of n(19).
3, 5, 7
Let x(m) = -35*m + 21. Let h be x(-8). Let w = h + 93. List the prime factors of w.
2, 197
Suppose -3*d + v = -0*d + 6, 0 = -3*d - v. List the prime factors of -6*((d - 39/6) + 3).
3
Let q = -7365 - -21043. List the prime factors of q.
2, 7, 977
Let p(k) = -42*k**3 - 8*k**2 - 53*k + 8. List the prime factors of p(-8).
2, 13, 103
Let a(r) = r**2 - r + 6. Let k be a(6). Suppose 910 = -k*w + 43*w. List the prime factors of w.
2, 5, 13
Let h(t) = -t + 1. Let g be h(-4). Suppose -436 = g*w - 6*w. List the prime factors of w.
2, 109
Suppose 20 = 5*d + 4*a, -3*d = 2*d + a - 20. What are the prime factors of (3 - (-1025 - -4)) + d?
2, 257
Let o be 6*(-66)/(-4) - 3. Let p = -46 - o. Let m = p - -215. What are the prime factors of m?
73
Suppose 11*s + 24 = 5*s. Let h be (s/(-10))/((-9)/(-6480)). Let u = h + -196. What are the prime factors of u?
2, 23
Suppose 2*s - 2307 = 6*s - 3*p, 2*s + 1166 = 4*p. Let l = s + 301. What are the prime factors of (60/25)/(-6) + l/(-5)?
2, 3
Suppose -61*f + 131057 = -1000981. List the prime factors of f.
2, 3, 1031
Let a be (-2)/(-7) + (-54)/42. Let d = 3 + 86. What are the prime factors of (d - a) + 2 - -1?
3, 31
Let f be (3365/45 - 2/(-9))*1. Suppose 2*a - 70 = 5*h + f, 2*h = 6. Let v = a - -56. List the prime factors of v.
2, 17
Suppose 166*o = 67*o + 1977948 + 1293309. List the prime factors of o.
173, 191
Let u(d) = -6*d - 6. Let n be u(-1). Let s be 1 + 1 + n + -232 + -6. Let c = s + 356. What are the prime factors of c?
2, 3, 5
Let f be (-1)/(-3) - 14116*(-7)/(-84). Let o = 1684 + f. List the prime factors of o.
2, 127
Let p be (4/7)/2 + (-38)/(-14). Suppose 5*k - 3*j = 2327, -3*k + 893 + 508 = -p*j. Let r = -322 + k. List the prime factors of r.
3, 47
Let y(b) = 399*b**2 + 39*b - 45. What are the prime factors of y(10)?
3, 5, 2683
Let q(x) = -x**2 + 24*x - 65. Let i be q(20). Suppose -337 = 14*l - i*l. List the prime factors of l.
337
Suppose -4*u - v - 668 = v, -5*u - 845 = 5*v. Let b = u - -380. What are the prime factors of b?
5, 43
Suppose 2*u + 2*t = 27636, -3*u - 3*t + 5*t + 41424 = 0. What are the prime factors of u?
2, 3, 1151
Let p = 167 - 330. Let s = p - -232. Suppose s = 2*y + j - 83, 0 = 5*y - 5*j - 410. What are the prime factors of y?
2, 3, 13
Let g = 527 + -359. Let i = g + -108. What are the prime factors of i?
2, 3, 5
Let a be (-1329)/6 + (-1)/2. What are the prime factors of (-115 - 0)*a/30?
23, 37
Let r = -14646 - -24585. List the prime factors of r.
3, 3313
Let g(j) = 2*j**3 + 23*j**2 + 14*j + 6. Let u be g(-11). Let c(f) = 2*f + 63. Let a be c(u). Suppose 1415 = a*v - 4*v. What are the prime factors of v?
283
What are the prime factors of 6180/210*1239 - (1 + 4)?
36457
Suppose 4*o - 118 = -h + 9*o, -5*h = 2*o - 482. Let s(m) = -10*m + 31*m**2 + 34*m**2 - 1 + m**3 + 28*m**2 - h*m**2. List the prime factors of s(8).
3, 37
Suppose 2*a = -2*b + 6*a + 156, 3*b = -5*a + 212. Let z = b - 64. What are the prime factors of (186/z)/(14/(-5) + 3)?
3, 31
Let c(q) = -q**2 + 25*q. Let x be c(25). Suppose 0*v + 6*v = -x*v. Suppose -5*r + 2*d + 697 = -v*d, -4*r - 3*d + 553 = 0. List the prime factors of r.
139
Let s be (4 + -8 - 0) + 7. Suppose -s*f + 4 = -7*f. What are the prime factors of (104 - -2)/1 + f?
3, 5, 7
Let o(r) be the second derivative of 1/2*r**3 + 0 + 11*r**2 - 4*r + 1/4*r**4. List the prime factors of o(5).
2, 7
Suppose 3*j - 107*z - 1751 = -106*z, 3*z = -j + 597. What are the prime factors of j?
3, 5, 13
Let p(i) = -i**2 - 50*i - 236. Let w be p(-30). Let n(k) = -5*k - 6. Let r be n(-4). Suppose -r*s = -s - w. What are the prime factors of s?
2, 7
Suppose 7*z = -10*z + 226405 + 429506. List the prime factors of z.
3, 1429
Suppose 5*i = -v + 402322, 28*v + 402334 = 5*i + 25*v. List the prime factors of i.
5, 7, 11, 19
Suppose 3403*f - 3176 = 3402*f. List the prime factors of f.
2, 397
List the prime factors of (-18)/(-15) - ((-630196)/20)/1 - 4.
7, 643
Suppose 1 = i, 2*t - 6710 - 2797 = i. List the prime factors of t.
2, 2377
Suppose 108*t - 105*t = 3*f - 14943, 19927 = 4*f - t. List the prime factors of f.
2, 47, 53
Let x(r) = r + 19. Suppose -36 = -6*w - 54. Let v be x(w). Suppose -22*l + v*l + 870 = 0. List the prime factors of l.
5, 29
Suppose k = 2278 + 2884. List the prime factors of k.
2, 29, 89
Suppose -32 = -q - 36. Let m(s) = -s**2 - 3*s. Let p be m(q). List the prime factors of ((-106)/(-4))/(p/(-40)).
5, 53
Let m = -109 - -237. Suppose -10*c + m = -11*c. Let u = 32 - c. List the prime factors of u.
2, 5
Suppose 0 = -7*l + 1688 + 265. Let h = 352 + l. List the prime factors of h.
631
Let j(y) = 100*y - 212. Let t be j(6). What are the prime factors of t - (-7)/((-42)/(-12))?
2, 3, 5, 13
Suppose -5*x + 6*x - 2 = 0. Suppose -4*o = 2*c - x, -1 = 2*c - 3*c. Suppose 3*d - n - 586 = -o*n, -400 = -2*d - 4*n. What are the prime factors of d?
2, 7
Let w be 1*(4 - -1) - -49. Suppose 3*s = 51 + 45. Let b = w - s. List the prime factors of b.
2, 11
Let n(m) = 24*m**2 + 63*m + 1771. What are the prime factors of n(-47)?
2, 25913
Suppose 6328 = 2*o + 5*u, 2*o + o = -4*u + 9513. What are the prime factors of o?
11, 17
Let x be ((46/4)/1)/((-7)/(-14)). Let m = x + -17. Suppose 2*q - m*q + 144 = 0. What are the prime factors of q?
2, 3
Suppose -15*n - 189 = 66. Let o(u) = 6*u**2 + 55*u - 18. List the prime factors of o(n).
11, 71
Suppose -18*c + 99 = 639